
What is the hundred millions digit of 1954892724?
9
What is the millions digit of 42231728?
2
What is the hundreds digit of 299964094?
0
What is the millions digit of 3262072597?
2
What is the units digit of 9873321?
1
What is the millions digit of 337477408?
7
What is the millions digit of 1257271461?
7
What is the ten millions digit of 2416487565?
1
What is the billions digit of 2276933339?
2
What is the ten thousands digit of 8306087?
0
What is the ten millions digit of 102527977?
0
What is the ten thousands digit of 534608347?
0
What is the tens digit of 597207833?
3
What is the hundred thousands digit of 5993576005?
5
What is the hundred thousands digit of 30097558?
0
What is the tens digit of 412517971?
7
What is the hundreds digit of 764290612?
6
What is the hundreds digit of 675910192?
1
What is the units digit of 2553604326?
6
What is the thousands digit of 305380184?
0
What is the tens digit of 578253?
5
What is the millions digit of 3162040?
3
What is the units digit of 40111628?
8
What is the ten thousands digit of 97461489?
6
What is the units digit of 78863407?
7
What is the hundred thousands digit of 501476889?
4
What is the units digit of 73228655?
5
What is the hundreds digit of 758713544?
5
What is the thousands digit of 2724486511?
6
What is the units digit of 7531822807?
7
What is the hundred thousands digit of 183957147?
9
What is the millions digit of 220002632?
0
What is the hundred thousands digit of 222809379?
8
What is the hundreds digit of 3699393275?
2
What is the units digit of 42680321?
1
What is the tens digit of 61018852?
5
What is the ten thousands digit of 176077668?
7
What is the tens digit of 1950914819?
1
What is the thousands digit of 11064682?
4
What is the millions digit of 188869049?
8
What is the ten millions digit of 277435311?
7
What is the tens digit of 44791522?
2
What is the hundreds digit of 254075331?
3
What is the ten millions digit of 677900971?
7
What is the units digit of 1460952896?
6
What is the hundreds digit of 2583252958?
9
What is the thousands digit of 94427352?
7
What is the hundred thousands digit of 119466899?
4
What is the ten millions digit of 183151405?
8
What is the ten millions digit of 117893026?
1
What is the units digit of 2939500602?
2
What is the hundred millions digit of 2526798362?
5
What is the millions digit of 103031176?
3
What is the billions digit of 4872474900?
4
What is the millions digit of 101601247?
1
What is the tens digit of 862895287?
8
What is the ten millions digit of 416644832?
1
What is the units digit of 737645242?
2
What is the ten thousands digit of 1288082892?
8
What is the thousands digit of 1421197630?
7
What is the thousands digit of 424993179?
3
What is the tens digit of 35747197?
9
What is the hundreds digit of 307658517?
5
What is the hundred thousands digit of 7840594547?
5
What is the hundreds digit of 280418541?
5
What is the ten thousands digit of 3397719507?
1
What is the thousands digit of 207926403?
6
What is the tens digit of 254355751?
5
What is the tens digit of 77688358?
5
What is the hundred thousands digit of 86462288?
4
What is the hundred millions digit of 339704437?
3
What is the hundred thousands digit of 469585898?
5
What is the hundred thousands digit of 62914814?
9
What is the ten thousands digit of 27366314?
6
What is the hundreds digit of 2879990?
9
What is the hundreds digit of 1296584339?
3
What is the ten thousands digit of 103501236?
0
What is the tens digit of 153233509?
0
What is the thousands digit of 743104410?
4
What is the hundred thousands digit of 1593500740?
5
What is the hundred millions digit of 2161095986?
1
What is the millions digit of 1049328145?
9
What is the thousands digit of 1773781115?
1
What is the millions digit of 596937789?
6
What is the hundred thousands digit of 1020241991?
2
What is the units digit of 152525737?
7
What is the hundred millions digit of 506559523?
5
What is the units digit of 38470047?
7
What is the ten thousands digit of 1294802108?
0
What is the ten millions digit of 135417872?
3
What is the hundred thousands digit of 2192177858?
1
What is the hundred thousands digit of 2536761099?
7
What is the ten millions digit of 789042640?
8
What is the millions digit of 866899024?
6
What is the thousands digit of 159501985?
1
What is the units digit of 527316726?
6
What is the tens digit of 95718740?
4
What is the units digit of 2010195322?
2
What is the ten thousands digit of 1184746012?
4
What is the ten millions digit of 14784870?
1
What is the ten thousands digit of 386971461?
7
What is the tens digit of 29760724?
2
What is the hundred millions digit of 3046310042?
0
What is the ten millions digit of 168832959?
6
What is the hundred millions digit of 506219341?
5
What is the hundred thousands digit of 107746712?
7
What is the units digit of 543626413?
3
What is the thousands digit of 1549629294?
9
What is the hundred millions digit of 150514557?
1
What is the hundred thousands digit of 1089146143?
1
What is the tens digit of 178552724?
2
What is the millions digit of 4020227310?
0
What is the ten millions digit of 22241764?
2
What is the ten thousands digit of 90638074?
3
What is the tens digit of 3101102823?
2
What is the millions digit of 6809840?
6
What is the hundred millions digit of 5632288606?
6
What is the thousands digit of 24774763?
4
What is the hundreds digit of 47837498?
4
What is the ten millions digit of 436476796?
3
What is the billions digit of 1338203260?
1
What is the millions digit of 350235048?
0
What is the ten thousands digit of 3072328615?
2
What is the hundreds digit of 451527721?
7
What is the units digit of 438218478?
8
What is the ten millions digit of 167727256?
6
What is the millions digit of 18908436?
8
What is the hundreds digit of 468721059?
0
What is the ten millions digit of 2074368232?
7
What is the billions digit of 3996683198?
3
What is the units digit of 33236621?
1
What is the ten millions digit of 37334819?
3
What is the hundred thousands digit of 4069846440?
8
What is the hundreds digit of 82093445?
4
What is the units digit of 38486982?
2
What is the hundreds digit of 2803012535?
5
What is the billions digit of 2031352364?
2
What is the ten millions digit of 145382893?
4
What is the millions digit of 11082504?
1
What is the millions digit of 9575699?
9
What is the hundreds digit of 217672944?
9
What is the tens digit of 164500436?
3
What is the ten millions digit of 42883108?
4
What is the hundred thousands digit of 65632333?
6
What is the tens digit of 936433433?
3
What is the hundreds digit of 434142652?
6
What is the tens digit of 16906507?
0
What is the ten millions digit of 910913326?
1
What is the units digit of 127854730?
0
What is the ten thousands digit of 433297002?
9
What is the hundred millions digit of 1741802907?
7
What is the ten thousands digit of 14473532?
7
What is the millions digit of 48274452?
8
What is the units digit of 1517656558?
8
What is the millions digit of 285490966?
5
What is the tens digit of 95546987?
8
What is the hundreds digit of 3743197617?
6
What is the hundreds digit of 109899157?
1
What is the millions digit of 9264476?
9
What is the ten millions digit of 515938906?
1
What is the tens digit of 1799448131?
3
What is the millions digit of 19171843?
9
What is the thousands digit of 16594487?
4
What is the ten millions digit of 595972958?
9
What is the hundred thousands digit of 452171397?
1
What is the units digit of 4176499?
9
What is the units digit of 1517351113?
3
What is the ten millions digit of 28404823?
2
What is the tens digit of 55083711?
1
What is the thousands digit of 357013150?
3
What is the units digit of 59659225?
5
What is the ten millions digit of 321979449?
2
What is the ten thousands digit of 249908472?
0
What is the hundred thousands digit of 22228136?
2
What is the hundred thousands digit of 46566418?
5
What is the millions digit of 321048054?
1
What is the ten thousands digit of 153159568?
5
What is the hundreds digit of 294161575?
5
What is the units digit of 214972483?
3
What is the tens digit of 63830437?
3
What is the ten thousands digit of 68316906?
1
What is the hundreds digit of 70083309?
3
What is the thousands digit of 7814947?
4
What is the hundreds digit of 435417